1554. Calculate l(-7).
7
Let v(p) = -60*p**2 + 67*p - 29. What is v(5)?
-1194
Let v(n) = -33*n**2 + 50727*n - 9221. Calculate v(1537).
1
Let h(r) = 370961*r + 17. Calculate h(0).
17
Let q(m) = -3*m**2 + 167*m - 2323. Give q(36).
-199
Let a(t) = -2*t**2 + 259*t - 7575. Give a(47).
180
Let x(y) = -817801*y + 17991637. Give x(22).
15
Let j(o) = -o**3 + 126*o**2 + 249*o - 15501. Determine j(127).
-7
Let z(b) = 21*b**3 + 88*b**2 + 175*b + 8. Determine z(-2).
-158
Let y(a) = -1945*a + 470665. Calculate y(242).
-25
Let k(g) = 1045*g**3 - g**2 + 117*g + 118. Calculate k(-1).
-1045
Let q(u) = 5*u**2 + 8199*u + 434297. What is q(-1585)?
7
Let w(q) = -q**3 + 53*q**2 - 259*q + 44. Determine w(6).
182
Let a(p) = 33276*p + 732071. Give a(-22).
-1
Let d(x) = 3*x**2 - 1447*x - 54306. Give d(-35).
14
Let i(h) = -2*h**2 + 26203*h + 52401. Determine i(-2).
-13
Let a(r) = 39*r - 8166. Give a(187).
-873
Let d(j) = -15*j**2 + 1702*j - 10414. What is d(107)?
-35
Let a(f) = -f**3 - 149*f**2 + 2458*f - 232. What is a(-164)?
96
Let d(m) = 21*m**2 - 2001*m + 590. Determine d(95).
20
Let j(h) = 10*h**3 + 1442*h**2 + 301*h + 1281. Calculate j(-144).
-591
Let d(y) = 3*y**3 + 15*y**2 - 14*y - 129. Determine d(-6).
-153
Let s(q) = -467*q - 69971. Calculate s(-150).
79
Let c(j) = 19*j**2 - 1747*j + 26. What is c(0)?
26
Let b(g) = -g**2 - 340*g + 5814. What is b(-356)?
118
Let j(l) = -4*l**3 + 35*l**2 + 55*l + 12. Give j(9).
426
Let n(z) = -1121734*z - 2243476. Determine n(-2).
-8
Let o(y) = -12663*y + 101385. What is o(8)?
81
Let z(b) = b**2 - 127*b + 2943. Calculate z(97).
33
Let t(d) = d**3 + 145*d**2 + 1602*d + 573. What is t(-133)?
-225
Let h(n) = n**3 - 74*n**2 - 88*n + 445. Give h(75).
-530
Let a(i) = 3285*i + 1721347. Give a(-524).
7
Let q(d) = 394*d**3 - d**2 - 1492*d - 2988. What is q(-2)?
-3160
Let s(u) = -37021*u - 37054. Give s(-1).
-33
Let s(f) = 6*f**2 - 312*f + 1128. What is s(41)?
-1578
Let y(o) = -o**2 + 4922*o - 286919. What is y(59)?
-2
Let t(q) = -2*q**2 - 55*q + 852. What is t(-51)?
-1545
Let f(x) = -9510*x + 2215827. Determine f(233).
-3
Let v(l) = -l**2 + 148*l + 1795. Calculate v(0).
1795
Let z(c) = 11*c**2 - 7754*c + 7038. What is z(704)?
-2
Let k(h) = -681*h + 8697. What is k(13)?
-156
Let f(a) = 54*a**2 + 2369*a - 134. Determine f(-44).
174
Let g(r) = 121*r - 2972. Give g(34).
1142
Let t(q) = -q**3 - 45*q**2 + 396*q - 1260. Give t(-53).
224
Let w(g) = 2*g**3 + 71*g**2 - 244*g - 1254. What is w(-38)?
798
Let g(z) = z**2 - 170*z - 13588. Calculate g(-59).
-77
Let q(r) = -18811*r + 281528. Determine q(15).
-637
Let m(s) = 13*s**2 + 32*s - 143. Calculate m(5).
342
Let q(n) = -36106*n - 216644. Determine q(-6).
-8
Let o(w) = -2*w**3 + 296*w**2 + 295*w + 585. Determine o(149).
138
Let y(x) = -13*x**2 + 723*x - 7354. Determine y(42).
80
Let i(q) = 6*q**2 - 889*q + 163. Give i(148).
15
Let n(w) = w**3 - 42*w**2 + 166*w - 5002. Determine n(41).
123
Let w(d) = -8380*d - 2220681. Determine w(-265).
19
Let y(s) = 4197*s**2 + 41986*s - 11. Give y(-10).
-171
Let f(t) = -15*t**3 - 465*t**2 - 1626*t - 156. Calculate f(-27).
6
Let w(f) = 4138*f + 401505. Determine w(-97).
119
Let c(l) = -3*l**2 + 146*l - 349. What is c(46)?
19
Let y(p) = p**3 + 15*p**2 - 249*p + 49. What is y(10)?
59
Let r(c) = -6281*c + 226103. Calculate r(36).
-13
Let g(c) = -c**3 + 257*c**2 - 1231*c - 7315. What is g(252)?
-7
Let v(p) = p**3 - 19*p**2 + 365*p - 5066. Determine v(16).
6
Let b(v) = -v**2 - 2114*v - 229844. What is b(-115)?
41
Let v(o) = 233*o**2 + 1744*o + 762. Give v(-7).
-29
Let h(g) = 37*g**3 - 112*g**2 + 73*g - 207. Give h(3).
3
Let o(m) = -7*m**2 + 114425*m - 343268. Give o(3).
-56
Let r(g) = -2851*g - 40522. Determine r(-12).
-6310
Let z(k) = 1588*k + 160383. Give z(-101).
-5
Let n(c) = 18563*c + 1002393. Determine n(-54).
-9
Let n(x) = -x**3 + 1471*x**2 + 27104*x - 449683. What is n(1489)?
-5
Let o(w) = -2*w**3 - 54*w**2 - 154*w - 1329. Calculate o(-25).
21
Let x(i) = 15311*i**2 + 45932*i + 3. What is x(-3)?
6
Let k(i) = i**2 + 56*i + 930. Calculate k(-13).
371
Let a(k) = -k**2 + 508146*k - 1016289. Give a(2).
-1
Let i(o) = -2*o**3 - 247*o**2 + 890*o + 342. Determine i(-127).
215
Let y(g) = -518*g**2 + 7356*g - 91. Calculate y(14).
1365
Let y(p) = -12609*p - 655672. Give y(-52).
-4
Let k(s) = 7455*s - 36588. What is k(5)?
687
Let h(r) = -2*r**2 + 427*r - 21064. What is h(82)?
502
Let i(c) = -160020*c - 5280647. Give i(-33).
13
Let h(i) = 11*i**3 + 7*i**2 - 204*i + 784. Give h(4).
784
Let j(z) = -z**3 + 49*z**2 + 391*z + 561. Determine j(-5).
-44
Let q(p) = 38*p**2 - 16222*p - 48666. What is q(-3)?
342
Let g(z) = -54*z**2 + 277*z + 1198. Determine g(-4).
-774
Let d(t) = 139*t + 5204. Give d(-27).
1451
Let i(t) = -8*t**3 - 58*t**2 + 1125*t + 130. Give i(-16).
50
Let q(w) = 55*w + 2184. Give q(-20).
1084
Let s(y) = -44552*y + 5. What is s(0)?
5
Let o(g) = 9735*g - 467284. Calculate o(48).
-4
Let n(q) = 5*q**2 - 573*q + 10424. Give n(92).
28
Let r(t) = -t**2 + 210*t - 9822. Calculate r(135).
303
Let j(n) = 643*n + 18. Give j(1).
661
Let n(j) = -332*j**2 + 63103*j - 4369. Determine n(190).
1
Let j(o) = o**2 + 11*o - 651. Determine j(25).
249
Let v(r) = 6*r**3 - 22*r**2 - 9*r + 67. Determine v(3).
4
Let m(l) = 5761*l + 1313505. Calculate m(-228).
-3
Let l(i) = 2*i**3 - 17*i**2 + 118*i - 1146. Give l(9).
-3
Let n(a) = -11402*a + 6282498. Determine n(551).
-4
Let q(c) = -c**3 + 53*c**2 - 13*c - 1753. What is q(52)?
275
Let y(j) = 4931*j + 9877. Calculate y(-2).
15
Let t(v) = v**3 - 212*v**2 + 4162*v - 129983. What is t(194)?
-3
Let t(k) = -2*k**2 + 189*k - 1448. Calculate t(85).
167
Let k(o) = 23119*o + 46368. Determine k(-2).
130
Let l(a) = 77*a**3 - 388*a**2 - 8*a + 100. Determine l(5).
-15
Let t(y) = -160*y + 12755. Give t(69).
1715
Let p(c) = -28*c**2 - 2817*c + 105. Calculate p(-100).
1805
Let d(n) = 4783*n - 68013. Calculate d(14).
-1051
Let r(b) = -32*b**2 + 12697*b + 106543. What is r(405)?
28
Let k(x) = -31021*x + 155124. Determine k(5).
19
Let x(t) = -142208*t + 16496131. Calculate x(116).
3
Let w(i) = -268*i + 2277. What is w(16)?
-2011
Let h(j) = 11535*j + 5536794. Give h(-480).
-6
Let p(g) = -300*g - 60913. What is p(-203)?
-13
Let x(d) = -13*d**2 + 635*d - 1801. What is x(3)?
-13
Let w(k) = 48065*k + 96440. What is w(-2)?
310
Let u(l) = -l**3 + 14*l**2 + 162*l - 927. Give u(20).
-87
Let l(v) = 138173*v + 138158. What is l(-1)?
-15
Let c(r) = -23*r**2 + 5928*r - 87601. What is c(242)?
3
Let v(m) = m**2 + 943*m + 106172. Calculate v(-131).
-200
Let d(h) = -4*h**2 - 96*h + 7936. What is d(-58)?
48
Let g(s) = -2*s**3 + 55*s**2 + 10068*s - 471. Give g(86).
45
Let p(g) = -19743*g + 98724. What is p(5)?
9
Let o(w) = -1255*w**2 - 65248*w + 625. Determine o(-52).
1
Let w(b) = 40975*b + 122926. What is w(-3)?
1
Let p(a) = -1149*a - 2137. Give p(-2).
161
Let p(k) = k**3 + 602*k**2 - 13082*k + 636. What is p(-623)?
13
Let s(f) = 3*f**3 + 32*f**2 - 26*f + 17. Determine s(-12).
-247
Let c(j) = 16*j**2 - 238*j - 1463. What is c(-6)?
541
Let p(a) = 36285*a + 36195. Give p(-1).
-90
Let c(n) = -n**3 + 539*n**2 + 8752*n + 14142. Calculate c(-14).
2
Let l(m) = -4*m**3 - 60*m**2 + 1617*m - 134. Calculate l(-29).
69
Let g(t) = -4*t**2 - 86103*t - 172206. Give g(-2).
-16
Let n(k) = -1610*k + 693890. Calculate n(431).
-20
Let m(d) = -11*d - 727. Determine m(77).
-1574
Let i(w) = -330*w - 4552. Calculate i(-18).
1388
Let l(u) = -226*u**2 + 4705*u + 36. What is l(21)?
-825
Let j(y) = 413*y**2 - 825*y - 1657. What is j(-2)?
1645
Let m(y) = 4*y**3 - 6401*y**2 + 33459*y + 57414. Determine m(1595).
-6
Let k(f) = -117769*f - 1766577. Calculate k(-15).
-42
Let p(l) = 804*l - 71462. Give p(90).
898
Let x(p) = -185*p**3 - 3*p**2 - 275*p - 542. What is x(-2)?
1476
Let z(v) = -v**2 + 5896*v - 117523. Give z(20).
-3
Let o(h) = -54*h**2 - 5221*h - 36944. Determine o(-89).
-9
Let y(p) = 11*p**2 - 3378*p - 60592. Calculate y(-17).
13
Let v(m) = 549*m - 39207. What is v(70)?
-777
Let r(b) = -b**3 - 11*b**2 - 27*b - 3. Calculate r(-10).
167
Let i(f) = 109535*f - 657051. Determine i(6).
159
Let d(j) = -3*j**3 - 2*j**2 + 74*j + 460. Give d(-7).
873
Let c(o) = -162*o + 5322. Give c(29).
624
Let x(t) = 384*t**2 - 14595*t - 73. Determine x(38).
-187
Let c(v) = 2282*v + 499767. Determine c(-219).
9
Let t(h) = -